{"id":20437,"date":"2026-01-26T15:01:51","date_gmt":"2026-01-26T15:01:51","guid":{"rendered":"https:\/\/musing-rosalind.135-181-117-101.plesk.page\/property\/apartmanok-penthouse-ok-a-legjobb-helyen-privlaka-horvatorszag\/"},"modified":"2026-01-26T14:52:29","modified_gmt":"2026-01-26T14:52:29","slug":"apartmanok-penthouse-ok-a-legjobb-helyen-privlaka-horvatorszag","status":"publish","type":"property","link":"https:\/\/solhome.hr\/hu\/property\/apartmanok-penthouse-ok-a-legjobb-helyen-privlaka-horvatorszag\/","title":{"rendered":"Apartmanok \/ Penthouse-ok a Legjobb Helyen &#8211; Privlaka, Horv\u00e1torsz\u00e1g"},"content":{"rendered":"<p>\u00dcdv\u00f6z\u00f6lj\u00fck \u00faj otthon\u00e1ban Horv\u00e1torsz\u00e1gban &#8211; a sz\u00e9ps\u00e9g, a b\u00e9ke \u00e9s a luxus o\u00e1zis\u00e1ban.<br \/>\n\u00daj exkluz\u00edv ingatlanunk leny\u0171g\u00f6z\u0151 kil\u00e1t\u00e1st ny\u00fajt a tengerre, \u00e9s k\u00f6zvetlen hozz\u00e1f\u00e9r\u00e9st biztos\u00edt egy homokos strandhoz Zadar idilli k\u00f6rnyezet\u00e9ben. Az \u00e9p\u00fclet 10 kiv\u00e1l\u00f3 min\u0151s\u00e9g\u0171 lak\u00e1segys\u00e9gb\u0151l \u00e1ll, eleg\u00e1ns befejez\u0151d\u00e9sekkel.<\/p>\n<p>Az apartmanok jellemz\u0151i:<\/p>\n<p>Padl\u00f3f\u0171t\u00e9s, kl\u00edma, elektromos red\u0151ny\u00f6k: Minden apartmannak padl\u00f3f\u0171t\u00e9se van, kl\u00edma van minden helyis\u00e9gben, elektromos red\u0151ny\u00f6k \u00e9s sz\u00fanyogh\u00e1l\u00f3k &#8211; a maxim\u00e1lis komfort \u00e9s lakhat\u00e1s min\u0151s\u00e9ge \u00e9rdek\u00e9ben.<\/p>\n<p>Min\u0151s\u00e9gi ny\u00edl\u00e1sz\u00e1r\u00f3k: Az elismert min\u0151s\u00e9g\u0171 PVC ny\u00edl\u00e1sz\u00e1r\u00f3k hossz\u00fa \u00e9lettartamot, biztons\u00e1got \u00e9s eleg\u00e1ns megjelen\u00e9st biztos\u00edtanak.<\/p>\n<p>Eleg\u00e1ns padl\u00f3k: T\u00f6lgyfa parketta a szob\u00e1kban, ker\u00e1mia csemp\u00e9k a f\u00fcrd\u0151szob\u00e1kban \u00e9s a teraszokon &#8211; a luxus \u00e9s a funkcionalit\u00e1s t\u00f6k\u00e9letes kombin\u00e1ci\u00f3ja.<\/p>\n<p>Priv\u00e1t parkol\u00f3hely: Minden apartmannak kijel\u00f6lt parkol\u00f3helye van.<\/p>\n<p>El\u00e9rhet\u0151 apartmanok \u00e1ttekint\u00e9se:<\/p>\n<p>Apartman S1: F\u00f6ldszint, 2 h\u00e1l\u00f3szoba, loggia \u00e9s kert. Ter\u00fclet: 100,09 m\u00b2. \u00c1r: 350.315 \u20ac<\/p>\n<p>Apartman S2: F\u00f6ldszint, 2 h\u00e1l\u00f3szoba, loggia \u00e9s kert. Ter\u00fclet: 88,41 m\u00b2. \u00c1r: 309.435 \u20ac<\/p>\n<p>Apartman S3: F\u00f6ldszint, 2 h\u00e1l\u00f3szoba, loggia \u00e9s kert. Ter\u00fclet: 87,86 m\u00b2. \u00c1r: 307.510 \u20ac<\/p>\n<p>Apartman S4: F\u00f6ldszint, 2 h\u00e1l\u00f3szoba, loggia \u00e9s kert. Ter\u00fclet: 88,43 m\u00b2. \u00c1r: 309.505 \u20ac<\/p>\n<p>Apartman S5: 1. emelet, 3 h\u00e1l\u00f3szoba, loggia. Ter\u00fclet: 105,60 m\u00b2. \u00c1r: 369.600 \u20ac<\/p>\n<p>Apartman S6: 1. emelet, 3 h\u00e1l\u00f3szoba, loggia. Ter\u00fclet: 107,13 m\u00b2. \u00c1r: 374.955 \u20ac<\/p>\n<p>Penthouse S7: Duplex, tet\u0151terasz, 2 h\u00e1l\u00f3szoba, panor\u00e1m\u00e1s kil\u00e1t\u00e1s. Ter\u00fclet: 129,99 m\u00b2. \u00c1r: 454.965 \u20ac<\/p>\n<p>Penthouse S8: Duplex, tet\u0151terasz, 2 h\u00e1l\u00f3szoba, panor\u00e1m\u00e1s kil\u00e1t\u00e1s. Ter\u00fclet: 131,06 m\u00b2. \u00c1r: 458.710 \u20ac<\/p>\n<p>Penthouse S9: 2. emelet, 3 h\u00e1l\u00f3szoba, loggia \u00e9s priv\u00e1t tet\u0151terasz. Ter\u00fclet: 135,68 m\u00b2. \u00c1r: 474.880 \u20ac<\/p>\n<p>Penthouse S10: 2. emelet, 3 h\u00e1l\u00f3szoba, loggia \u00e9s priv\u00e1t tet\u0151terasz. Ter\u00fclet: 139,44 m\u00b2. \u00c1r: 488.040 \u20ac<\/p>\n<p>Sz\u00edvesen ny\u00fajtunk tov\u00e1bbi inform\u00e1ci\u00f3kat \u00e9s egy\u00e9ni tan\u00e1csad\u00e1st.<br \/>\nFedezze fel \u00e1lmai \u00faj otthon\u00e1t Horv\u00e1torsz\u00e1gban &#8211; vegye fel vel\u00fcnk a kapcsolatot ma! Tov\u00e1bbi aj\u00e1nlatokat tal\u00e1lhat profilunkon.<\/p>\n<p>K\u00f6zm\u0171vek:<br \/>\nV\u00edz, Villany, V\u00e1rosi v\u00edzell\u00e1t\u00e1s, F\u0171t\u00e9s: F\u0171t\u00e9si, l\u00e9gkondicion\u00e1l\u00f3 \u00e9s szell\u0151ztet\u0151 rendszer, Aszfalt\u00fat, L\u00e9gkondicion\u00e1l\u00f3, V\u00e1ros szennyv\u00edzcsatorna<\/p>\n<p>Enged\u00e9lyek:<br \/>\nEnergiatan\u00fas\u00edtv\u00e1ny: A, \u00c9p\u00edt\u00e9si enged\u00e9ly<\/p>\n<p>Technika:<br \/>\nPortafon, K\u00e1beles telev\u00edzi\u00f3, M\u0171holdas TV, Internet<\/p>\n<p>Parkol\u00f3:<br \/>\nParkol\u00f3hely: 2<\/p>\n<p>Kert:<br \/>\nKert<\/p>\n<p>Szolg\u00e1ltat\u00e1sok k\u00f6zels\u00e9ge:<br \/>\nJ\u00e1tsz\u00f3t\u00e9r, Posta, Tengert\u0151l val\u00f3 t\u00e1vols\u00e1g: 40m, \u00d3voda, Keresked\u00e9s-Bolt, Iskola, T\u00f6megk\u00f6zleked\u00e9s, Tenger k\u00f6zels\u00e9ge<\/p>\n<p>Egy\u00e9bb:<br \/>\nTerasz, Kil\u00e1t\u00e1sl a tengerre, \u00c9p\u00edt\u00e9s \u00e9ve: 2025\u00e9v, Az ingatlan t\u00edpusa: Lak\u00e1s, \u00daj \u00e9p\u00edt\u00e9s<\/p>\n<p>ID CODE: 44<\/p>\n<p>Sol Home<br \/>\nAgent s licencom<br \/>\nMob: +49 163 635 49 30<br \/>\nTel: +385977185872<br \/>\nE-mail: info@solhome.hr<br \/>\nwww.solhome.hr<\/p>\n","protected":false},"featured_media":5993,"template":"","special-offer":[],"extra-type":[],"features":[],"town":[529],"city":[530],"region":[531],"transaction-type":[343],"property-type":[866],"class_list":["post-20437","property","type-property","status-publish","has-post-thumbnail","hentry","town-privlaka-9","city-privlaka-10","region-zadarska-zupanija-6","transaction-type-sale-hu","property-type-apartman-lakas"],"_links":{"self":[{"href":"https:\/\/solhome.hr\/hu\/wp-json\/wp\/v2\/property\/20437","targetHints":{"allow":["GET"]}}],"collection":[{"href":"https:\/\/solhome.hr\/hu\/wp-json\/wp\/v2\/property"}],"about":[{"href":"https:\/\/solhome.hr\/hu\/wp-json\/wp\/v2\/types\/property"}],"version-history":[{"count":1,"href":"https:\/\/solhome.hr\/hu\/wp-json\/wp\/v2\/property\/20437\/revisions"}],"predecessor-version":[{"id":20547,"href":"https:\/\/solhome.hr\/hu\/wp-json\/wp\/v2\/property\/20437\/revisions\/20547"}],"wp:featuredmedia":[{"embeddable":true,"href":"https:\/\/solhome.hr\/hu\/wp-json\/wp\/v2\/media\/5993"}],"wp:attachment":[{"href":"https:\/\/solhome.hr\/hu\/wp-json\/wp\/v2\/media?parent=20437"}],"wp:term":[{"taxonomy":"special-offer","embeddable":true,"href":"https:\/\/solhome.hr\/hu\/wp-json\/wp\/v2\/special-offer?post=20437"},{"taxonomy":"extra-type","embeddable":true,"href":"https:\/\/solhome.hr\/hu\/wp-json\/wp\/v2\/extra-type?post=20437"},{"taxonomy":"features","embeddable":true,"href":"https:\/\/solhome.hr\/hu\/wp-json\/wp\/v2\/features?post=20437"},{"taxonomy":"town","embeddable":true,"href":"https:\/\/solhome.hr\/hu\/wp-json\/wp\/v2\/town?post=20437"},{"taxonomy":"city","embeddable":true,"href":"https:\/\/solhome.hr\/hu\/wp-json\/wp\/v2\/city?post=20437"},{"taxonomy":"region","embeddable":true,"href":"https:\/\/solhome.hr\/hu\/wp-json\/wp\/v2\/region?post=20437"},{"taxonomy":"transaction-type","embeddable":true,"href":"https:\/\/solhome.hr\/hu\/wp-json\/wp\/v2\/transaction-type?post=20437"},{"taxonomy":"property-type","embeddable":true,"href":"https:\/\/solhome.hr\/hu\/wp-json\/wp\/v2\/property-type?post=20437"}],"curies":[{"name":"wp","href":"https:\/\/api.w.org\/{rel}","templated":true}]}}

Apartmanok / Penthouse-ok a Legjobb Helyen &#8211; Privlaka, Horvátország

<p>Üdvözöljük új otthonában Horvátországban &#8211; a szépség, a béke és a luxus oázisában.<br />
Új exkluzív ingatlanunk lenyűgöző kilátást nyújt a tengerre, és közvetlen hozzáférést biztosít egy homokos strandhoz Zadar idilli környezetében. Az épület 10 kiváló minőségű lakásegységből áll, elegáns befejeződésekkel.</p>
<p>Az apartmanok jellemzői:</p>
<p>Padlófűtés, klíma, elektromos redőnyök: Minden apartmannak padlófűtése van, klíma van minden helyiségben, elektromos redőnyök és szúnyoghálók &#8211; a maximális komfort és lakhatás minősége érdekében.</p>
<p>Minőségi nyílászárók: Az elismert minőségű PVC nyílászárók hosszú élettartamot, biztonságot és elegáns megjelenést biztosítanak.</p>
<p>Elegáns padlók: Tölgyfa parketta a szobákban, kerámia csempék a fürdőszobákban és a teraszokon &#8211; a luxus és a funkcionalitás tökéletes kombinációja.</p>
<p>Privát parkolóhely: Minden apartmannak kijelölt parkolóhelye van.</p>
<p>Elérhető apartmanok áttekintése:</p>
<p>Apartman S1: Földszint, 2 hálószoba, loggia és kert. Terület: 100,09 m². Ár: 350.315 €</p>
<p>Apartman S2: Földszint, 2 hálószoba, loggia és kert. Terület: 88,41 m². Ár: 309.435 €</p>
<p>Apartman S3: Földszint, 2 hálószoba, loggia és kert. Terület: 87,86 m². Ár: 307.510 €</p>
<p>Apartman S4: Földszint, 2 hálószoba, loggia és kert. Terület: 88,43 m². Ár: 309.505 €</p>
<p>Apartman S5: 1. emelet, 3 hálószoba, loggia. Terület: 105,60 m². Ár: 369.600 €</p>
<p>Apartman S6: 1. emelet, 3 hálószoba, loggia. Terület: 107,13 m². Ár: 374.955 €</p>
<p>Penthouse S7: Duplex, tetőterasz, 2 hálószoba, panorámás kilátás. Terület: 129,99 m². Ár: 454.965 €</p>
<p>Penthouse S8: Duplex, tetőterasz, 2 hálószoba, panorámás kilátás. Terület: 131,06 m². Ár: 458.710 €</p>
<p>Penthouse S9: 2. emelet, 3 hálószoba, loggia és privát tetőterasz. Terület: 135,68 m². Ár: 474.880 €</p>
<p>Penthouse S10: 2. emelet, 3 hálószoba, loggia és privát tetőterasz. Terület: 139,44 m². Ár: 488.040 €</p>
<p>Szívesen nyújtunk további információkat és egyéni tanácsadást.<br />
Fedezze fel álmai új otthonát Horvátországban &#8211; vegye fel velünk a kapcsolatot ma! További ajánlatokat találhat profilunkon.</p>
<p>Közművek:<br />
Víz, Villany, Városi vízellátás, Fűtés: Fűtési, légkondicionáló és szellőztető rendszer, Aszfaltút, Légkondicionáló, Város szennyvízcsatorna</p>
<p>Engedélyek:<br />
Energiatanúsítvány: A, Építési engedély</p>
<p>Technika:<br />
Portafon, Kábeles televízió, Műholdas TV, Internet</p>
<p>Parkoló:<br />
Parkolóhely: 2</p>
<p>Kert:<br />
Kert</p>
<p>Szolgáltatások közelsége:<br />
Játszótér, Posta, Tengertől való távolság: 40m, Óvoda, Kereskedés-Bolt, Iskola, Tömegközlekedés, Tenger közelsége</p>
<p>Egyébb:<br />
Terasz, Kilátásl a tengerre, Építés éve: 2025év, Az ingatlan típusa: Lakás, Új építés</p>
<p>ID CODE: 44</p>
<p>Sol Home<br />
Agent s licencom<br />
Mob: +49 163 635 49 30<br />
Tel: +385977185872<br />
E-mail: info@solhome.hr<br />
www.solhome.hr</p>
